-6 + -10 + (0 - -20)
4
What is the value of (2 + 0 - -1) + -4?
-1
Calculate (-3 - (-4 + -4)) + (3 - 10).
-2
-3 - (-7 - -6) - (-4 + 0)
2
What is the value of (-14 - -12) + 1 + 1?
0
Calculate (-1 + 5 - 14) + 5.
-5
6 - (12 + -8 + 3)
-1
What is -5 - (-5 - (0 - 0))?
0
What is 7 + -6 + (-2 - 2)?
-3
What is the value of -10 - (-3 + 10 + -13)?
-4
What is 0 + 2 + 0 + -5?
-3
Calculate 0 + 1 + -5 + (0 - 1).
-5
Evaluate -1 + -4 + -18 + 23.
0
Calculate -2 + 3 - (0 - -1 - -2).
-2
Evaluate (4 - -1) + -42 + 35.
-2
What is 0 + (-1 + 1 - (14 - 10))?
-4
Evaluate -4 - 4 - -3 - -1.
-4
Calculate -3 - -10 - (-2 + -2 + 15).
-4
Evaluate 1 - (-3 + -4 + (1 - -2)).
5
What is -8 + 4 - (2 + (0 - 2))?
-4
Calculate -1 + -6 + -10 + 6.
-11
What is the value of -7 + -3 + 1 - (-8 - -4)?
-5
Evaluate 11 - 3 - (16 + (-5 - -5)).
-8
Evaluate -1 + -5 + -2 - -13.
5
What is the value of -3 + (10 - 6) + (-3 - -6)?
4
-4 - (4 + -9 + 2 + -4)
3
14 + (-14 - -4) + (-3 - 0)
1
Calculate 0 + 4 + 6 + -13.
-3
Calculate -7 + 5 + -1 - (-12 + 7).
2
What is the value of 6 - (7 - -2 - 4)?
1
-3 + 3 - (2 - 6)
4
Calculate -5 + ((-1 - -2) + 1 - -7).
4
-8 - (4 + 9 + -10)
-11
Evaluate -5 + -3 + 10 + 0.
2
What is -3 + 0 + (-2 - 8) + 10?
-3
What is 3 + -5 + (6 - 12)?
-8
(6 - 0) + (-6 + 5 - 0)
5
8 + (-4 + -16 - -5) - -16
9
(-5 - 6 - -7) + 3
-1
10 - (-3 - -21) - -11
3
Evaluate 10 + 1 + -40 + 22.
-7
Evaluate (22 - 26) + (-2 - -1).
-5
Evaluate 3 - (-1 + 5) - -3.
2
What is the value of 1 + (-2 + -3 - -3 - 2)?
-3
What is 2 + -2 - (-5 + (-8 - -7))?
6
Calculate -4 - -2 - (-13 - -8).
3
What is the value of (-3 - -7 - 1) + 3?
6
What is the value of -3 - (-4 + -2 + (7 - 1))?
-3
What is the value of (-13 - -9) + 8 - (-1 - -1)?
4
Calculate -8 + 5 - (-4 + 0 + 1).
0
-4 + (-1 - 1 - (6 - 11))
-1
Evaluate -2 - ((-2 + 1 - 5) + 7).
-3
10 + -8 + 1 - (-1 + 3)
1
-2 + 0 - (3 + -2 - 8)
5
What is 7 + -4 + -2 + 1?
2
What is -19 + 19 + (0 - 5)?
-5
Calculate 0 + 3 - (3 + 1 - -1).
-2
Calculate 2 - (-1 - (-1 + (-8 - -2))).
-4
What is 1 + (-2 - (0 + (-2 - 1)))?
2
What is 6 + (1 - (0 - -2))?
5
What is the value of -6 - (-8 + 4) - -1?
-1
What is the value of 0 - (0 - (-1 - -2))?
1
Calculate (-4 + 6 - 4) + -2.
-4
What is the value of 15 + -22 + 6 + -1?
-2
Calculate 4 - (2 + 7) - 1.
-6
-7 + (5 - (9 - 3)) + 4
-4
Calculate 5 + -2 + 10 - 15.
-2
Calculate -4 + -2 + (-1 - 2) - -7.
-2
Calculate (0 - 0) + 3 - 1.
2
Evaluate 3 - ((-3 - 0 - 0) + 3).
3
What is the value of 5 + (-2 + -5 - -7) + -7?
-2
What is the value of (2 - (-4 + 7)) + 2?
1
Evaluate 17 + -18 - (2 + 6).
-9
(6 - (-6 + 13)) + 5
4
-1 + -1 - (-41 + 45)
-6
What is the value of 4 - ((2 - 7) + 5)?
4
Calculate -8 - ((5 - 1) + -13).
1
-6 + (3 - (3 - 11))
5
Calculate -1 - ((-6 - 1) + 7).
-1
What is 3 - (6 + -10 + 10)?
-3
Evaluate (2 - -1) + -2 + -3.
-2
What is the value of -5 + (-1 - -11) + -1?
4
What is (2 + 2 - -6 - 5) + -2?
3
Evaluate (3 - -5) + (-15 - 2).
-9
Evaluate -2 + (-2 + -2 - -15).
9
-10 + 3 + 10 + -8
-5
Evaluate -7 + ((3 - 5) + 2 - -2).
-5
What is the value of -6 - (-6 - (7 - 2) - -6)?
-1
Calculate 2 + 2 - (1 - -5) - 1.
-3
Evaluate -6 - (-11 - -4) - 2.
-1
What is the value of (-19 - -18) + (0 - 2)?
-3
What is the value of (-2 - 9) + 4 - -4?
-3
Calculate 4 - 21 - (-40 - -28).
-5
Evaluate 3 - -7 - 5 - (11 - 12).
6
Evaluate 3 + (9 + -4 - (6 + 3)).
-1
Calculate -6 - 3 - (11 - 20).
0
What is 4 - (0 - 0 - (-14 + 16))?
6
Calculate -7 + 14 - 11 - (1 + -4).
-1
Evaluate -6 + (-1 - (-7 + -1)).
1
-7 + 7 + (-4 - (-6 - 5))
7
What is the value of -42 + 33 - (-7 - (-2 - 0))?
-4
What is 8 - 0 - 1 - (0 + -2)?
9
What is -3 + (1 + 5 - (42 + -44))?
5
What is the value of -1 + 2 + -3 + 4?
2
-5 - (-1 + 3 + -5)
-2
4 - (3 + 7 + (-2 - -1))
-5
-15 - -20 - ((-1 - -4) + 6)
-4
Calculate 0 + -2 - (1 - (10 + -2)).
5
What is the value of (-1 - 0) + (-5 - -14)?
8
-1 + (9 - 5) + -10 - -4
-3
What is 6 + (-10 + 6 - 2 - 7)?
-7
What is the value of 2 + (2 - (3 - -4))?
-3
Calculate -6 + (28 - 14) - (-1 - -5).
4
Calculate (-2 - 2 - -3) + -2.
-3
39 - 35 - (3 - -1)
0
Evaluate (-6 - -11 - (7 - 1)) + -1.
-2
Calculate (3 - 3 - 1) + -2 + 0.
-3
What is the value of (-7 - (-1 - 1)) + 0?
-5
Calculate 2 - (3 + -3 + -1 - 3).
6
Evaluate -3 + -5 + 1 + -5 + 8.
-4
What is the value of 2 + 0 + -2 + 4?
4
(63 - 69) + (3 - 3 - 3)
-9
What is the value of 6 - (2 - 1) - 1?
4
Evaluate 6 + -1 + -5 + -3.
-3
What is the value of -16 - -8 - (-2 - 7)?
1
What is 13 + 4 - (7 - (6 - 8))?
8
What is -8 - (-12 + 16 - 9)?
-3
Calculate (10 - 8) + -3 - 3.
-4
-11 + (20 - 9 - 8)
-8
Calculate (-3 - -12 - -2) + -7.
4
-3 - 0 - (3 - (3 - -2))
-1
(-7 - -4) + (0 - -1 - -2)
0
-1 + -1 + 0 + 8
6
Evaluate -38 + 40 - (-2 - -1).
3
What is the value of -2 + -3 - -1 - -5?
1
-7 - (-7 - (6 + (-1 - 7)))
-2
Evaluate -2 + -3 + -2 + -2.
-9
What is -3 + -8 + 19 + -6?
2
Calculate -2 + (-2 + -1 - -4) + 0.
-1
What is 2 + -1 - ((1 - -1) + -6)?
5
Calculate 21 + -9 - 1 - 4.
7
What is (6 + -4 - 0) + -3 + 3?
2
What is the value of -12 - (11 + (0 - 22))?
-1
Evaluate (-1 - (5 - 2)) + 0 + -1.
-5
What is 0 - (-3 - (-7 - -4))?
0
What is the value of (4 - 10 - -8) + -1 + -6?
-5
Calculate (-5 - -1 - -9) + -3.
2
Calculate 0 - (-10 + (4 - -3)).
3
Calculate -1 + 2 + -6 - (1 - 5).
-1
Calculate (-36 - -38) + (-3 - -1) + 5.
5
Calculate 5 - (-14 - -10 - (-3 - -2)).
8
(2 - (-2 - 4)) + -4
4
Evaluate -5 - ((0 - -6) + -6) - -11.
6
-30 - -19 - (0 + 0 + -7)
-4
(3 + -5 - -4) + (2 - 6)
-2
What is the value of 6 + -14 + 2 - -2?
-4
Calculate 4 + 4 + -6 + 0.
2
Calculate 36 - 38 - (1 + 0 + -1).
-2
What is -1 + (-2 - -1 - -3) + -6?
-5
Evaluate 20 - (6 - 0 - -7).
7
Calculate -8 + 6 + 1 - (-11 - -4).
6
What is the value of (5 - (2 + 7)) + (3 - 4)?
-5
0 - (2 - 1) - -6
5
What is the value of -3 - 0 - (4 - 2)?
-5
Evaluate 0 + 2 + (2 - (4 - -4)).
-4
What is the value of -8 - (-1 + -3 - (5 + -1))?
0
What is -1 + -3 + -1 + 0?
-5
Evaluate 0 + (0 + -8 - -7) + -7.
-8
8 - 12 - 1 - (-3 - 2)
0
What is -17 - (-20 - (-23 + 11))?
-9
-4 - (2 + -2) - -3
-1
What is the value of 10 + -6 + 8 - (4 - -2)?
6
Calculate -3 - ((15 - 13) + 0 + -1).
-4
Evaluate -2 - (-3 - (-4 - 0) - 2).
-1
Calculate 3 - (-1 + 4 + -1).
1
What is (7 - 4 - (-12 + 16)) + -2?
-3
What is -1 + (0 + -1 - (12 - 15))?
1
Calculate (-58 - -40) + 0 + 10.
-8
(4 - 3) + (28 - 20)
9
Calculate 5 + (-9 - -6) + 3.
5
Evaluate 1 + (0 + -3 - 0) + -3.
-5
Evaluate -6 - (-11 + 6 + -3).
2
What is the value of (1 - -3) + -3 + (2 - -1)?
4
(0 - -4) + (0 - 5)
-1
What is the value of -6 - (-13 + 11 + -7)?
3
What is (-1 - 0 - (-16 + 17)) + -2?
-4
Evaluate (-10 - (-3 - 4)) + 2 + 1.
0
0 - 4 - (-62 - -65) - -5
-2
(-12 - -11) + (0 - 2)
-3
(-4 - (-10 + 14)) + 14
6
What is 10 + -5 + 5 + -4?
6
What is 7 + -3 + (2 - 11)?
-5
What is 11 + -8 - (0 + 0 - 2)?
5
What is the value of -6 - (-8 + 6) - (2 - 7)?
1
2 + 1 + -3 + -1
-1
0 - 5 - -3 - -4
2
What is -3 + -2 + 0 + 4?
-1
What is the value of (-11 - -14) + -2 + -4?
-3
Evaluate -3 + 1 + (8 - 5 - 3).
-2
Calculate -5 + 2 - 3 - -3.
-3
Evaluate 5 + (-10 - -5 - -1).
1
What is -4 - 1 - -3 - 5 - -3?
-4
Evaluate 0 + -2 + (-3 - -3).
-2
What is -4 - ((-11 - -4) + (-1 - -4))?
0
What is -1 - (-2 + 2 - (-4 - -6))?
1
-6 + (-2 + 1 - 0) + 12
5
What is the value of 8 - 12 - (-4 + -4)?
4
What is 3 + 18 + -12 - 9?
0
What is the value of 1 + -5 + -15 + 17?
-2
(-8 - (-7 - (1 + -6))) + 4
-2
Evaluate -1 + 0 + -1 + 4.
2
Evaluate -4 - ((5 - (-4 - -15)) + 4).
-2
(-1 - (-2 + 1)) + 5
5
-1 - (2 - (3 + -4))
-4
Evaluate -4 + 3 + -1 + -2 - -2.
-2
What is -3 + (1 - -3) + -4 - -5?
2
What is the value of ((5 - 0) + -1 - 0) + 0?
4
Evaluate (-6 - (4 + 0)) + 14.
4
(1 - 5) + -4 + 5
-3
Calculate -4 + (-9 - -12) + 9.
8
What is 3 - (7 + -2 + 2)?
-4
Evaluate -4 - (-6 + 1 + 3).
-2
What is (0 - 6) + (-9 - (-19 - -5))?
-1
What is the value of 6 - (0 - (-8 + 0)) - -5?
3
Calculate -36 - -43 - ((8 - 1) + -2).
2
1 - 5 - (31 - 40)
5
Calculate 1 - -8 - 11 - (-6 - 1).
5
What is 1 - -7 - (37 + -31)?
2
Calculate 21 - (3 - (-11 - -1)).
8
Evaluate -4 + -2 + -1 + 1 + 10.
4
Evaluate 1 + 8 + -2 - (14 + -9).
2
Evaluate -3 + (5 - 5) + 0.
-3
-2 - (0 + -1 - (-18 + 27))
8
What is the value of 0 - 4 - ((4 - 1) + -4)?
-3
Calculate -6 - -6 - (-30 + 20).
10
What is (-1 - 0 - 3) + (-14 - -28)?
10
Evaluate (-2 - (-1 + -1 + 3)) + 1.
-2
What is the value of -5 + (0 - -2) + 1?
-2
Evaluate 1 + -1 + 2 + (-5 - -3).
0
Calculate -1 + (